9 = -2*u, 40 = 2*n + u - 133. Calculate the greatest common factor of 116 and n.
29
Let h(m) = 5*m + 11. Let y be h(5). Let w = y - -120. Calculate the greatest common divisor of w and 12.
12
Let a be 3/2 - ((-1870)/20 - -2). Calculate the highest common divisor of a and 713.
31
Let n(p) = -45*p. Let i be n(-1). Let g(f) = f - 1. Let t be g(10). What is the greatest common factor of t and i?
9
Let h(d) = d - 1. Let c be h(3). Suppose 4*v + i - 26 = 0, 4*i + 18 = 2*v + c*i. What is the highest common factor of v and 35?
7
Let b be -2*(2/(-8))/((-4)/88). Let v(z) = -14*z + 30. Let c be v(b). What is the greatest common factor of c and 23?
23
Let n(c) = -9*c - 57. Let k be n(-9). Let d = k - 10. Let l be (-1*2)/((-1)/21). Calculate the greatest common factor of d and l.
14
Suppose -7*k + 84 + 42 = 0. Let y be (-2 - 10)/(14/(-21)). Calculate the highest common divisor of y and k.
18
Let g(i) = -i - 2. Let v be g(-4). Suppose -20 - 58 = -5*y - 2*h, 0 = y - 3*h - v. Let m be -2*140/24*-6. Calculate the highest common divisor of y and m.
14
Let o(y) = y**3 + 24*y**2 + 24*y + 22. Let i be o(-23). Let j(n) = -53*n + 3. Let w be j(i). What is the highest common divisor of 16 and w?
8
Suppose 19 = 12*h - 5. Suppose 4*m = -2*x + 60, 2*x - 107 = -h*x + 5*m. What is the highest common divisor of 42 and x?
14
Let a(v) = 3*v**2 - 8*v - 3. Let s be a(5). Let m be 1 + s/(1 + 3) - 0. Calculate the greatest common factor of 81 and m.
9
Suppose -3*d = -15 + 21. Let f be (1/(d - 0))/(5/(-340)). Calculate the highest common factor of 17 and f.
17
Let s = 11 + -11. Suppose s = -3*b + 22 + 17. Let l = b + 27. What is the greatest common factor of 5 and l?
5
Suppose 0 = -725*v + 731*v - 168. Calculate the highest common divisor of 20 and v.
4
Let s be (146/2 - -2)/(12/16). What is the highest common factor of s and 375?
25
Let j(o) = o**2 - 9*o + 28. Let d be j(16). What is the highest common divisor of 40 and d?
20
Let d = -44 - -359. Let t be 92/15 - 42/d. Calculate the highest common factor of t and 4.
2
Let y = 17 + -14. Suppose -y*o - 8 = -7*o. What is the highest common factor of 4 and o?
2
Suppose 291 + 573 = -2*a. Let m = a + 650. Let s = m + -98. Calculate the greatest common factor of 15 and s.
15
Let s = 454 + -420. What is the greatest common factor of s and 306?
34
Suppose 3*q = 2*j + q - 118, 4*q + 71 = j. Let o be (6/(-4))/((-1473)/21604). Calculate the highest common divisor of o and j.
11
Suppose 2*k + k = 189. Let f = k - -69. What is the highest common factor of 44 and f?
44
Let p be (-3 - (49/(-28) - 3))*4. Let z be -2*((-1 - -3) + -3). What is the highest common factor of p and z?
1
Let s be ((-51)/4)/((39/(-60))/13). What is the greatest common divisor of 102 and s?
51
Let z = 301 + -213. Let x = -126 + 128. Suppose x*n = -2*n + z. Calculate the greatest common factor of n and 242.
22
Let g = 1797 + -1765. What is the highest common divisor of g and 68?
4
Suppose 6*m + 2 - 26 = 0. Suppose -8*n + 396 = m*n. What is the highest common factor of n and 66?
33
Let m(t) = 13*t**2 + t**3 - 4*t**3 + 2*t - 1 + 5*t**3 - 2. Let x be m(-6). Calculate the greatest common divisor of x and 231.
21
Let f be 21 - (4 + -2 + 0). Let r be (-5)/(-1 + 8/12). Suppose -2*d + 70 = -o + 3*o, 0 = 5*o + r. What is the highest common factor of d and f?
19
Suppose 1390 = -3*p + 13*p. Let j = p + -101. What is the greatest common divisor of 19 and j?
19
Suppose 83 = 27*w - 3319. Calculate the highest common factor of w and 210.
42
Let m = -136 - -217. What is the highest common factor of m and 567?
81
Suppose 4*f = 2*q + 3*f - 36, 0 = 2*q + 5*f - 48. Let n = -7 - -12. Suppose -285 = -0*k - n*k. What is the greatest common divisor of k and q?
19
Let r be ((-94)/(-8))/((-3)/(-72)*3). Let g = r - 81. Calculate the greatest common divisor of 26 and g.
13
Let d be ((-6)/10)/(-7 - 524/(-75)). What is the highest common divisor of d and 585?
45
Let z be 6*5/10*266. Calculate the greatest common factor of 42 and z.
42
Suppose -k - 26 = -5*a, 3*a - 10 = a. Let b be (4/12)/(k/(-6)). Suppose -f - b = -7. What is the highest common divisor of f and 20?
5
Suppose 874 = 3*z - 2*g - 3*g, -910 = -3*z - 4*g. Let v = z - 177. Let s be 3/(-9)*66/(-2). Calculate the highest common factor of s and v.
11
Let k(r) = 3*r - 6. Let d be k(2). Let o be (19/3)/1*(d + 3). Calculate the greatest common divisor of 19 and o.
19
Let i(u) = -13*u**2 - 366*u + 6. Let g be i(-28). Suppose -3*h + 5*q = -254, 5*h + 4*q = 95 + 390. What is the highest common factor of g and h?
31
Let f(i) = -13*i - 69. Let o be f(-7). What is the greatest common divisor of o and 2?
2
Suppose 24*k - 21*k = 684. Let h = 45 + -33. What is the greatest common divisor of k and h?
12
Let p(j) = j**2 - 25*j + 29. Let m be p(24). Suppose m*s = -9 + 29. What is the highest common divisor of 28 and s?
4
Let u(o) = -o**3 - 7*o**2 - 8*o + 13. Let y be u(-6). What is the greatest common divisor of 25 and y?
25
Suppose 2*v - 10*v - 56 = 0. Let w be (-243)/v - (-14)/49. Suppose -2*f + 19 + 9 = 0. What is the greatest common divisor of f and w?
7
Let b = 487 + -322. What is the greatest common factor of 15 and b?
15
Let h be 2*(4 - 26/(-4)). What is the highest common factor of 77 and h?
7
Let p be ((-86)/4)/(16/(-32)). Calculate the highest common divisor of 688 and p.
43
Let v be 220/275 + 4/(-5) + 4. Let p = -11 - -15. What is the greatest common factor of v and p?
4
Let j be -3 - ((-4)/(-2))/2. Suppose 20*s - 19*s = 5. Let q be -9*s/(10/j). What is the greatest common divisor of 54 and q?
18
Let f(n) = -n**2 + 10*n + 3. Let r be f(9). Let o be r/8 - 19/(-2). Calculate the greatest common factor of o and 22.
11
Let x(i) = -i**2 + 13*i - 23. Let s be x(11). Let j be ((s - 5)*4)/(6/(-4)). Calculate the greatest common factor of 4 and j.
4
Let z be (1 + -1)/1 + 26. Let d(i) = -18*i + 589. Let o be d(32). What is the greatest common divisor of z and o?
13
Suppose 3*p - 6*p = 0. Let y be p + -1 - 125/(-5). Calculate the highest common factor of 12 and y.
12
Let t = -32 + 43. Suppose 1 = -f + t. Calculate the greatest common factor of 25 and f.
5
Let i be (93/124 + (-10)/24)*57. Calculate the highest common divisor of i and 1.
1
Let h = -74 - -104. Suppose 0 = -3*o - 5*d + 20, -5*o + 0*d + 56 = -3*d. Calculate the highest common factor of h and o.
10
Let x be (-741)/(-12) + (-1)/(-4). Let q = -53 + x. Calculate the highest common factor of q and 9.
9
Let b(t) = 2 + 6*t - 3 - 16*t. Let r be b(-7). Calculate the greatest common factor of 23 and r.
23
Suppose 0 = -27*c + 263 + 790. Calculate the highest common factor of c and 338.
13
Let s(f) = 16*f - 39. Let g be s(6). Suppose 5*m + g = 237. Calculate the greatest common factor of m and 324.
36
Let j = -122 - -158. Let f(t) = 10*t - 2*t - 3*t**2 + 2*t**2. Let r be f(6). What is the greatest common divisor of r and j?
12
Let u(n) = 8*n - 30. Suppose c = s - 9, 2*s - 4*c - 1 = 3*s. Let t be u(s). What is the highest common factor of t and 13?
13
Let z be (-100)/(-30)*(-6)/(-4). Suppose b - z*b = -168. What is the highest common divisor of 6 and b?
6
Let q = 13 - 153. Let k = q - -280. Suppose -5*c + 5*m + 100 = 2*m, -c = 3*m - 20. Calculate the greatest common divisor of c and k.
20
Suppose 5*p + 2*y = 396, 0 = 2*p - 10*y + 9*y - 153. Let m(w) = 3 - 6 + 14*w - 1. Let k be m(4). What is the greatest common divisor of p and k?
26
Let f = -337 - -601. Suppose -2*l = 4*l - f. Calculate the highest common factor of l and 11.
11
Suppose 5*a - a - 10 = -3*y, -5*a = -5*y + 5. Suppose y*v - 36 = -v. Let u be 1/11 - (-15800)/440. Calculate the highest common divisor of v and u.
12
Let c be (-2497)/(-7) + -5 + 2/7. What is the greatest common factor of c and 22?
22
Suppose -77*q - 341 = -81*q + 5*b, q - 5*b - 89 = 0. What is the highest common divisor of q and 189?
21
Suppose -259 + 3616 = 2*r + 3*s, -3*r - 4*s = -5036. Suppose 3*j = -3*j + r. What is the greatest common divisor of j and 40?
40
Let a(g) = -g**3 + 6*g**2 + g + 6. Let h be ((-4)/8)/((-2)/24). Suppose 0 = -o + h. Let t be a(o). Calculate the highest common factor of 24 and t.
12
Suppose -12*v - 27*v + 702 = 0. Calculate the highest common divisor of 954 and v.
18
Let u(a) = -3*a - 14. Suppose -3*s + 5*f = 17, -4*s + 2*f - 23 = -s. Let k be u(s). W